o. Suppose 0 = -6*g + 10*g - n. List the prime factors of g.
11
What are the prime factors of (5*-8)/(-1 + 0)?
2, 5
Let l(w) = w**2 - 3*w + 3. Let y be l(3). Let o = y - -1. List the prime factors of 42/o*2/3.
7
Let j be (-30)/(-12)*16/10. Suppose j*u - 9 = 3*u. Suppose -u = -h + 5. List the prime factors of h.
2, 7
Let m = -83 - -212. What are the prime factors of m?
3, 43
Suppose -3*a + 21 = -2*a. What are the prime factors of a?
3, 7
Let a(v) = -v**3 + 4*v**2 + 2*v - 5. Let n be a(5). Let b = 35 + n. List the prime factors of b.
3, 5
List the prime factors of 223/3 - 3/((-18)/4).
3, 5
Let y be (-30)/25 + (-1)/(-5). Let n(f) = -f**3 + 3*f**2 + 2*f. Let h be n(4). Let v = y - h. What are the prime factors of v?
7
Suppose 2*m + 156 = 6*m. List the prime factors of m.
3, 13
Suppose -i = 3, 2*g - 37 - 14 = -3*i. List the prime factors of g.
2, 3, 5
Let l(z) be the second derivative of -z**5/20 + z**4/4 + 2*z**3/3 + 2*z**2 + 4*z. Let s be l(-4). Suppose -i - 4*i = -s. List the prime factors of i.
2, 5
Let s be 1 - (1 + -4)/(-3). Let d = 16 - s. List the prime factors of d.
2
Suppose 2*k + 4*y = 56, 2*k - 51 = 5*y + 14. What are the prime factors of k?
2, 3, 5
Let y = -82 + 84. Let c be 1/(2/(-4)) - -22. Suppose y*m + c = 7*m. List the prime factors of m.
2
Suppose 5*p + s - 5*s = 51, -2*p = s - 10. Let n = 17 - p. What are the prime factors of n?
2, 5
Let o(k) = -k**2 - 2*k + 43. What are the prime factors of o(0)?
43
Let n(c) be the second derivative of -2*c**3/3 + 7*c**2/2 - 3*c. What are the prime factors of n(-7)?
5, 7
Let j be (-1)/6 + 158/12. Suppose 3*p = -4 + j. Suppose -3*g + 4*g - p*y = 8, -2*g + 6 = -y. List the prime factors of g.
2
Let y = -260 - -428. List the prime factors of y.
2, 3, 7
Let n(t) = -t**3 + 12*t**2 - t + 16. Suppose -5*s = -113 - 77. Let l = s - 26. List the prime factors of n(l).
2
Let o = -2 + 6. Suppose 0 = -0*f + 6*f - 24. Suppose -43 = -f*r + n, 0*r - r = -o*n - 22. List the prime factors of r.
2, 5
Let i = 119 + -60. Suppose -i = -5*o - 2*q, -2*q = 2*o + 2*q - 30. Suppose 5*f = 4 + o. List the prime factors of f.
3
Let r = 27 - 16. Let c(u) = -u**2 + 12*u + 15. What are the prime factors of c(r)?
2, 13
Let w = 40 + 38. Suppose 70 = 4*t - w. What are the prime factors of t?
37
Let r = 10 + -17. Let y be 2/2*(r - -8). Let p = y - -2. What are the prime factors of p?
3
Let t = 14 - 10. Suppose -11 = -y + t. List the prime factors of y.
3, 5
Let i(w) = -14*w**2 + w. Let m be i(-1). Let g be (-6)/10 - 54/m. Suppose 0 = -0*p + g*p - 36. What are the prime factors of p?
2, 3
Let v(j) = j**3 - j**2 + j + 145. What are the prime factors of v(0)?
5, 29
Let t(k) = k + k**2 + 0 + 3 + 4 - 4. What are the prime factors of t(0)?
3
Let c(g) = -g**2 - 11*g - 6. List the prime factors of c(-7).
2, 11
Let z = 19 - 17. Suppose z*r - 19 + 2 = -q, 0 = 4*r. What are the prime factors of q?
17
Suppose 3*w = -w. Let q = w - -12. List the prime factors of q.
2, 3
Let k be 42*((-1)/2 + 0). Let d be 4/(27/k + 1). Let p = 21 + d. List the prime factors of p.
7
Let d be 0 + (-5)/(-3 - -2). Suppose d*t = 3*a - 81, -2*a - 2*t + 32 = 2*t. List the prime factors of a.
2, 11
Let p(r) = -11*r**3 - r**2 + r - 2. Let t = 2 - 4. Let a be p(t). What are the prime factors of (-6)/(-21) + a/14?
2, 3
Let w(a) = a**2 + 9*a - 8. Let i(q) = 7*q**3 - q - 1. Let u be i(-1). Let b be w(u). Let r = b - -32. What are the prime factors of r?
2, 5
Suppose -a + 8 = -20. What are the prime factors of a?
2, 7
Suppose 3*n + 521 = h, 0 = -0*n + 3*n + 9. Let k be 2/(-7) + h/28. What are the prime factors of (-2)/(1 - 21/k)?
2, 3
Let j(z) = -z**3 - z**2 - z + 3. Let f be j(0). What are the prime factors of (-36)/(-3) - (-3)/f?
13
Let i = 1 - -26. What are the prime factors of i?
3
Suppose -6*d - 5 = -d. Let k(a) = -2*a**3 - a**2 - a. List the prime factors of k(d).
2
List the prime factors of (-30)/10 + (11 - 2).
2, 3
Suppose -d = -2*a - 4, 0 = -4*d + a - 3*a + 6. Suppose -3*x = d*p - 149, x - p - 27 = 4*p. What are the prime factors of x?
47
Let h = -20 - -94. What are the prime factors of h?
2, 37
Suppose 0 = -16*h + 9*h + 469. List the prime factors of h.
67
Let u be 2/6 + (-2)/6. Let q = u - -4. What are the prime factors of q?
2
Suppose 3*x = -4*d + 146, x - d - 70 = 3*d. Suppose x = 5*w + 4. Suppose -r = 4*r - w. List the prime factors of r.
2
Let o be (-1)/((-3)/(-3)*1). Let j be o - (2 + (1 - 29)). Suppose -2*x + 11 = i, 3*i - 2*x = -0*i + j. List the prime factors of i.
3
Let j(s) = -5*s - 5. Let v be j(-5). Let o = v + -12. Suppose 5*w - 98 + o = 0. What are the prime factors of w?
2, 3
What are the prime factors of 3*22 + (-6 + 0)/2?
3, 7
Suppose 4*n = -0*n + 152. Suppose f + 4*h - 2*h - n = 0, 0 = -f + 4*h + 8. List the prime factors of f.
2, 7
Let l(u) be the third derivative of u**5/30 + u**4/4 + u**3/2 - 6*u**2. Let z(r) = -2*r. Let y be z(2). What are the prime factors of l(y)?
11
Suppose 0 = -2*c + 4, c + 142 = 4*k - 0*c. Suppose -a - k = -3*x + 4*a, -x + 22 = -5*a. What are the prime factors of x?
7
Let u(g) = 21*g + 9. Let y(r) = 11*r + 5. Let w = 2 - 13. Let t(i) = w*y(i) + 6*u(i). What are the prime factors of t(3)?
2, 7
Let g(h) = 2*h**2 + h - 1. Let w be g(1). What are the prime factors of 0/((-2)/w) + 9?
3
Let o = 2 + 2. Let f be (20/15)/((-6)/(-9)). Suppose 0 = f*x - 0*d + 2*d - 22, 2*x + o*d = 22. List the prime factors of x.
11
Let o be (-18)/(-4) + (-2)/(-4). Suppose -3*h + 8*h + 100 = o*k, 3*h + 15 = 0. List the prime factors of k.
3, 5
Let z(f) = f**3 - 8*f**2 + 7*f - 6. List the prime factors of z(9).
2, 3, 23
Let w be ((-4)/4)/(2/(-18)). Suppose 0 = -n + w. What are the prime factors of n?
3
Let b(i) = 7*i + 1. Let v(q) = 15*q + 1. Let d be 3/2 - 46/(-4). Let c(m) = d*b(m) - 6*v(m). List the prime factors of c(7).
2, 7
Suppose 7 = 5*f + 22, 0 = 4*x + f + 43. Let c = -2 - x. List the prime factors of c.
2
Let f(y) be the second derivative of y**3/6 + 2*y**2 - 2*y. Let z be f(-8). Let j(q) = -2*q + 1. List the prime factors of j(z).
3
Let x(m) = -2*m**3 - m**2 + 4*m - 1. What are the prime factors of x(-4)?
5, 19
Let x(r) = 3*r**2 + r. Let p be x(-1). Suppose 4*g = 3*i + p + 24, -i + 13 = 3*g. List the prime factors of g.
5
Let k(f) = 6*f**3 + 3*f**2 - 4*f + 4. List the prime factors of k(2).
2, 7
Let s = -30 + 32. Let c(d) = 2*d**2 - d**2 + 5*d + 2 - 4*d. List the prime factors of c(s).
2
Let d = 12 + -8. Suppose 0 = d*p + 50 - 138. What are the prime factors of p?
2, 11
Suppose 3*k + 81 - 510 = 0. What are the prime factors of k?
11, 13
What are the prime factors of 274/4 + (-4)/(-8)?
3, 23
Let j = 130 + 3. What are the prime factors of j?
7, 19
Suppose 2*t - 4 = -2, -q - 8 = -2*t. What are the prime factors of (-27)/(-6) + 3/q?
2
Let o be (2*-1)/(-2)*3. Let z(k) = k**2 + o*k + 1 + 4 - 7*k. List the prime factors of z(5).
2, 5
Suppose 3*b + 3*y + 0*y - 30 = 0, -2*y = 10. Let l = -11 + b. What are the prime factors of (16/(-6))/(l/(-6))?
2
Suppose 2*w = -w. Suppose -k - 2 = -w. List the prime factors of k - -1 - (-7 - -3).
3
Suppose b - 121 = -2*d, -3*b + 348 = 3*d - 2*d. What are the prime factors of b?
5, 23
Let w = -21 + 21. Suppose w = 2*i - i - 24. What are the prime factors of i?
2, 3
Let z(u) = -u**3 - 6*u**2 - 3. Let h be z(-6). What are the prime factors of -1*(27/h + -2)?
11
Let a(t) = -4 - 25 + 8*t + 16. List the prime factors of a(6).
5, 7
Let a be 80/14 - 2/(-7). Let c = a - -4. Let f = -8 + c. What are the prime factors of f?
2
Let i(r) = -r**2 - r. Let t be i(-1). Let c = t - 2. What are the prime factors of c/6 - (-75)/9?
2
Let p be 25/15 + (-1)/(-3). Let u be 1/p + 14/(-4). What are the prime factors of (8/u)/(2/(-6))?
2
Suppose -5*x + 2*g = 50, -x + g = -0*x + 13. Let l = 11 + x. Suppose -r + 11 = 2*t, 3*r - 29 = -l*t - r. List the prime factors of t.
3
Suppose 10 = 3*y - 8. Let q(i) = -10 + i**3 + 5*i - 6*i**2 + 3 - 3*i. What are the prime factors of q(y)?
5
Let i(g) = 2*g**3 - 4*g**2 - 4. List the prime factors of i(4).
2, 3, 5
Suppose -v = 4*i + 1 - 36, 3*i = v + 35. Let m = 18 - i. Let l = -6 + m. List the prime factors of l.
2
Let q = -2 + 9. Let z be 716/14 + (-1)/q. Suppose -m + z = 2*m. List the prime factors of m.
17
Let b(d) = d. Let x(n) = -8*n + 2. Let p(t) = -6*b(t) - x(t). Let l be p(-3). Let v = l + 11